{"id":56,"date":"2017-12-04T14:54:47","date_gmt":"2017-12-04T14:54:47","guid":{"rendered":"http:\/\/wp.getraenke-lachenmaier.de\/?page_id=56"},"modified":"2018-05-23T08:26:14","modified_gmt":"2018-05-23T08:26:14","slug":"impressum","status":"publish","type":"page","link":"https:\/\/getraenke-lachenmaier.de\/?page_id=56","title":{"rendered":"Impressum"},"content":{"rendered":"<p><strong>K.-P. Lachenmaier Getr\u00e4nke-Handlungs GmbH<\/strong><br \/>\nZeppelinstr. 19<br \/>\n73760 Ostfildern-Kemnat<\/p>\n<p>Tel. 0711-454141<br \/>\nFax\u00a0 0711-4567368<br \/>\nEmail: <a>info@Getraenke-Lachenmaier.de<\/a><br \/>\nWeb: <a href=\"http:\/\/www.getraenke-lachenmaier.de\/\">http:\/\/www.Getraenke-Lachenmaier.de<\/a><br \/>\n(c) Copyright 2011 K.-P. Lachenmaier Getr\u00e4nke-Handlungs GmbH<\/p>\n<p>Registergericht Stuttgart: HRB 212316<br \/>\nUSt.-IdNr. DE812995348<br \/>\nSteuer-Nr. 990 231 0257 Finanzamt Stuttgart<br \/>\nInhaltlicher Verantwortlicher gem. \u00a7 6 MDStV: Hans-Peter Lachenmaier (Gesch\u00e4ftsf\u00fchrer)<\/p>\n<p><strong>Haftungshinweis <\/strong><\/p>\n<p>Trotz sorgf\u00e4ltiger inhaltlicher Kontrolle \u00fcbernehmen wir keine Haftung f\u00fcr die Inhalte externer Links. F\u00fcr den Inhalt der verlinkten Seiten sind ausschlie\u00dflich deren Betreiber verantwortlich.<br \/>\nDie K.-P. Lachenmaier Getr\u00e4nke-Handlungs GmbH ist bem\u00fcht, ihr Webangebot stets aktuell und inhaltlich richtig sowie vollst\u00e4ndig anzubieten. Dennoch ist das Auftreten von Fehlern nicht v\u00f6llig auszuschlie\u00dfen. Die K.-P. Lachenmaier Getr\u00e4nke-Handlungs GmbH\u00a0 \u00fcbernimmt keine Haftung f\u00fcr die Aktualit\u00e4t, die inhaltliche Richtigkeit sowie f\u00fcr die Vollst\u00e4ndigkeit der in ihrem Webangebot eingestellten Informationen, es sei denn die Fehler wurden vors\u00e4tzlich oder grob fahrl\u00e4ssig aufgenommen. Dies bezieht sich auf eventuelle Sch\u00e4den materieller oder ideeller Art Dritter, die durch die Nutzung dieses Webangebotes verursacht wurden.<\/p>\n<div class=\"s3-t s3-t0\">\n<p>&nbsp;<\/p>\n<\/div>\n","protected":false},"excerpt":{"rendered":"<p>K.-P. Lachenmaier Getr\u00e4nke-Handlungs GmbH Zeppelinstr. 19 73760 Ostfildern-Kemnat Tel. 0711-454141 Fax\u00a0 0711-4567368 Email: info@Getraenke-Lachenmaier.de Web: http:\/\/www.Getraenke-Lachenmaier.de (c) Copyright 2011 K.-P. Lachenmaier Getr\u00e4nke-Handlungs GmbH Registergericht Stuttgart: HRB 212316 USt.-IdNr. DE812995348 Steuer-Nr. 990 231 0257 Finanzamt Stuttgart Inhaltlicher Verantwortlicher gem. \u00a7 6 &hellip; <a href=\"https:\/\/getraenke-lachenmaier.de\/?page_id=56\">Weiterlesen <span class=\"meta-nav\">&rarr;<\/span><\/a><\/p>\n","protected":false},"author":1,"featured_media":0,"parent":0,"menu_order":0,"comment_status":"closed","ping_status":"closed","template":"","meta":[],"_links":{"self":[{"href":"https:\/\/getraenke-lachenmaier.de\/index.php?rest_route=\/wp\/v2\/pages\/56"}],"collection":[{"href":"https:\/\/getraenke-lachenmaier.de\/index.php?rest_route=\/wp\/v2\/pages"}],"about":[{"href":"https:\/\/getraenke-lachenmaier.de\/index.php?rest_route=\/wp\/v2\/types\/page"}],"author":[{"embeddable":true,"href":"https:\/\/getraenke-lachenmaier.de\/index.php?rest_route=\/wp\/v2\/users\/1"}],"replies":[{"embeddable":true,"href":"https:\/\/getraenke-lachenmaier.de\/index.php?rest_route=%2Fwp%2Fv2%2Fcomments&post=56"}],"version-history":[{"count":7,"href":"https:\/\/getraenke-lachenmaier.de\/index.php?rest_route=\/wp\/v2\/pages\/56\/revisions"}],"predecessor-version":[{"id":307,"href":"https:\/\/getraenke-lachenmaier.de\/index.php?rest_route=\/wp\/v2\/pages\/56\/revisions\/307"}],"wp:attachment":[{"href":"https:\/\/getraenke-lachenmaier.de\/index.php?rest_route=%2Fwp%2Fv2%2Fmedia&parent=56"}],"curies":[{"name":"wp","href":"https:\/\/api.w.org\/{rel}","templated":true}]}}