{"id":53,"date":"2017-12-04T14:54:47","date_gmt":"2017-12-04T14:54:47","guid":{"rendered":"http:\/\/wp.getraenke-lachenmaier.de\/?page_id=53"},"modified":"2017-12-04T15:37:58","modified_gmt":"2017-12-04T15:37:58","slug":"festbetrieb","status":"publish","type":"page","link":"https:\/\/getraenke-lachenmaier.de\/?page_id=53","title":{"rendered":"Festbetrieb"},"content":{"rendered":"<p><strong>Sie planen ein Fest, eine Feier, eine Veranstaltung, ein Event?<br \/>\n<\/strong><br \/>\nAls <strong>&#8222;Ihr Getr\u00e4nkespezialist&#8220;<\/strong> liefern wir Ihnen auf Wunsch das komplette Festbetrieb-Equipment.<\/p>\n<ul>\n<li><strong>Alubleche f\u00fcr Thekenaufbau<\/strong><\/li>\n<li><strong>Durchlaufk\u00fchler<\/strong><\/li>\n<li><strong>K\u00fchlanh\u00e4nger<\/strong><\/li>\n<li><strong>Schankwagen<\/strong><\/li>\n<li><strong>K\u00fchlschr\u00e4nke<\/strong><\/li>\n<li><strong>Biertischgarnituren<\/strong><\/li>\n<li><strong>Stehtische<\/strong><\/li>\n<li><strong>Sonnenschirme<\/strong><\/li>\n<li><strong>uvm&#8230;<\/strong><\/li>\n<\/ul>\n<p>Selbstverst\u00e4ndlich liefern wir Ihnen auch die passenden Gl\u00e4ser f\u00fcr Ihre Getr\u00e4nke:<\/p>\n<ul>\n<li><strong>Wassergl\u00e4ser<\/strong><\/li>\n<li><strong>Limonadengl\u00e4se<\/strong><\/li>\n<li><strong>Weingl\u00e4ser<\/strong><\/li>\n<li><strong>Pilsgl\u00e4ser<\/strong><\/li>\n<li><strong>Bierkr\u00fcge<\/strong><\/li>\n<li><strong>Weizengl\u00e4ser<\/strong><\/li>\n<li><strong>Sektgl\u00e4ser<\/strong><\/li>\n<li><strong>uvm&#8230;<\/strong><\/li>\n<\/ul>\n<p><strong>Sie haben Fragen zu unseren Service-Leistungen und zu unserem Liefersortiment?<\/strong><\/p>\n<p><strong>Rufen Sie uns an: 0711-45 41 41<\/strong><\/p>\n","protected":false},"excerpt":{"rendered":"<p>Sie planen ein Fest, eine Feier, eine Veranstaltung, ein Event? Als &#8222;Ihr Getr\u00e4nkespezialist&#8220; liefern wir Ihnen auf Wunsch das komplette Festbetrieb-Equipment. Alubleche f\u00fcr Thekenaufbau Durchlaufk\u00fchler K\u00fchlanh\u00e4nger Schankwagen K\u00fchlschr\u00e4nke Biertischgarnituren Stehtische Sonnenschirme uvm&#8230; Selbstverst\u00e4ndlich liefern wir Ihnen auch die passenden Gl\u00e4ser &hellip; <a href=\"https:\/\/getraenke-lachenmaier.de\/?page_id=53\">Weiterlesen <span class=\"meta-nav\">&rarr;<\/span><\/a><\/p>\n","protected":false},"author":1,"featured_media":0,"parent":0,"menu_order":0,"comment_status":"closed","ping_status":"closed","template":"","meta":[],"_links":{"self":[{"href":"https:\/\/getraenke-lachenmaier.de\/index.php?rest_route=\/wp\/v2\/pages\/53"}],"collection":[{"href":"https:\/\/getraenke-lachenmaier.de\/index.php?rest_route=\/wp\/v2\/pages"}],"about":[{"href":"https:\/\/getraenke-lachenmaier.de\/index.php?rest_route=\/wp\/v2\/types\/page"}],"author":[{"embeddable":true,"href":"https:\/\/getraenke-lachenmaier.de\/index.php?rest_route=\/wp\/v2\/users\/1"}],"replies":[{"embeddable":true,"href":"https:\/\/getraenke-lachenmaier.de\/index.php?rest_route=%2Fwp%2Fv2%2Fcomments&post=53"}],"version-history":[{"count":2,"href":"https:\/\/getraenke-lachenmaier.de\/index.php?rest_route=\/wp\/v2\/pages\/53\/revisions"}],"predecessor-version":[{"id":113,"href":"https:\/\/getraenke-lachenmaier.de\/index.php?rest_route=\/wp\/v2\/pages\/53\/revisions\/113"}],"wp:attachment":[{"href":"https:\/\/getraenke-lachenmaier.de\/index.php?rest_route=%2Fwp%2Fv2%2Fmedia&parent=53"}],"curies":[{"name":"wp","href":"https:\/\/api.w.org\/{rel}","templated":true}]}}